l(k). What is d(5)?
23
Let r be (-16)/24*(180/(-8))/(-3) + -6. Let x(k) = k**2 + 9*k - 49. What is x(r)?
-27
Let m(t) = -t**3 + 12*t**2 - 20*t + 6. Suppose -3*r + b + 32 = 0, -4*r + 4*b + 58 = r. Calculate m(r).
6
Let v(t) = -65*t - 47*t - 6 + t**3 + 105*t + 4*t**2. Suppose 5*s = 2*c - 21, -3*c = 2*c + 10. Give v(s).
4
Let r(p) = -p**3 - 2*p**2 - 6*p - 3. Let o be (10 - (-112)/(-16))*(-2)/3. Give r(o).
9
Let g(m) = m**2 - 4*m + 4. Let s(z) = -43*z + 216. Let r be s(5). Determine g(r).
1
Let u(j) = 2*j - 94*j**3 + 269*j**3 - 148*j**3 - 1 - j**2. Let o(i) = -i + 7. Let p be o(6). Determine u(p).
27
Suppose 0 = -95*i + 1061 - 206. Let a(t) = -4*t + 34. Calculate a(i).
-2
Let k(t) = 3*t**3 + 3*t**2 - 2*t**3 - 2*t + 12*t - 10*t**2 - 21. Let i be k(6). Let s(a) = 23*a**2 - 13*a**2 + a**3 - 5*a + 2 - 4*a**2 - 7*a**2. What is s(i)?
5
Let y(c) be the third derivative of -2/3*c**3 - 1/60*c**5 - 6 + 0*c + 4*c**2 - 7/24*c**4. Determine y(-5).
6
Suppose -5*y = 4*h + h - 50, 4*y - 2*h = 28. Let v(c) = -7*c + 11. Let f(k) = -4*k + 6. Let o(t) = -5*f(t) + 3*v(t). What is o(y)?
-5
Let k = -7287 - -7284. Let y(t) = -10*t - 21. What is y(k)?
9
Let m be 4/(-6) - 3*4/36. Let x(a) = a**2 + 6*a + 7. Let k be x(m). Let w(h) = k + 17*h - 9*h + 2*h. Calculate w(-2).
-18
Let i be (-8)/(-28) + (-114)/(-42). Let p(o) = 13*o**3 - 6 + 5*o**2 - 11*o**3 - 3*o**i + 3*o. Let n = -4 - -9. Determine p(n).
9
Let q(w) = -24*w**3 - 82*w**2 + 102*w + 138. Let u(p) = -5*p**3 - 16*p**2 + 20*p + 28. Let y(i) = -3*q(i) + 14*u(i). Determine y(-12).
2
Let d(r) = -r**2 + 33*r - 96. Let a be 3/((-8 - -6) + (5 - 2)). Let n be d(a). Let c(j) = -3*j - 2. Give c(n).
16
Let j(o) = -8*o**3 + 34*o**2 - 4*o - 12. Let r be j(4). Let c(w) be the third derivative of 0*w + 0 + 5/6*w**3 - 4*w**2 - 1/24*w**4. Give c(r).
1
Let p be 0 - 3/(3/(-8)). Let w(a) = 29*a + 140. Let g(f) = 33*f + 159. Let l(h) = 22*g(h) - 25*w(h). What is l(p)?
6
Let t(l) be the third derivative of -l**6/120 - l**5/30 + l**4/8 + 2*l**3/3 - 8*l**2 + 4*l. Determine t(-3).
4
Let a(z) = 2*z**3 - 10*z**2 - 5*z + 23. Let v = -5638 - -5643. Calculate a(v).
-2
Let i(k) = -8*k**2 + 49*k - 7. Let n be (14/(-12))/((-420)/1890) + (-6)/(-8). What is i(n)?
-1
Let g(m) be the first derivative of 1/4*m**4 + 7*m + 0*m**2 + 1/3*m**3 + 62. What is g(0)?
7
Let z(l) = -l**2 + 6*l + 4. Let m(n) = n + 1. Let a(b) = -m(b) + z(b). Let c(p) = -4*p**3 + 6*p - 3. Let j be c(2). Let s = j + 26. Give a(s).
9
Suppose -p - 4*q - 30 = -66, p = -2*q + 14. Let d(o) be the third derivative of -o**4/6 - o**3 - o**2. What is d(p)?
26
Let t(q) = 19 + 12 - 46 + 17*q - 27. Determine t(6).
60
Let o(f) = -46*f + 3. Let b(t) = -109*t + 6. Let k(v) = 3*b(v) - 7*o(v). Give k(1).
-8
Let t(w) = -3*w**2 + 12*w - 6. Let s(d) = -d**2 + d + 1. Let o(x) = -4*s(x) + t(x). Let i be (-1)/(-5)*(290 + 5). Suppose 55*h = i*h + 32. What is o(h)?
-10
Let x(j) = 7 + 2*j - 4 + 2*j - 2*j + 2. What is x(6)?
17
Let n(m) = 7*m**2 - 2*m - 1. Suppose 0 = -o + 4*v + 12, 0*o + 5*v + 14 = o. Suppose 2*u = 4*c + 171 + 61, 3*c + 174 = o*u. Let t = c + 57. Give n(t).
8
Let n = -5 + 9. Let l(f) be the third derivative of -f**6/120 + f**5/20 + f**4/4 - f**3/3 - 3348*f**2 - 1. Give l(n).
6
Let j(n) = -n**3 - 10*n**2 - 3*n - 33. Suppose 107*d - 50*d = -570. Calculate j(d).
-3
Let y(v) = v**3 - 13*v**2 - 31*v + 3. Let d be y(-3). Let z be (-12)/d + (-27)/(-4). Let k(l) = -1. Let t(u) = u - 15. Let q(f) = -5*k(f) + t(f). Give q(z).
-3
Let z(d) = 55017 - 55020 - 4*d - d**2 + 0*d**2. What is z(-6)?
-15
Let g be -2*(-14)/(3/15*5). Let q = g - 29. Let d(j) = 8*j + 1. Calculate d(q).
-7
Suppose -15 = -3*l, -40 = -5*o - 4*l + 7*l. Suppose -o*b + 27 - 71 = 0. Let v(z) = 3*z + 1. Let g(r) = -6*r - 3. Let a(f) = 3*g(f) + 5*v(f). Determine a(b).
8
Suppose 1 = a - 2*a - 3*t, 5*a = -3*t + 19. Suppose 0 = -5*c + 26 - 11. Let s(y) = 4 - c - 3 + y + 1. Determine s(a).
4
Suppose 4*y + 5*j + 7 = 27, -5*j - 70 = -5*y. Suppose -7*k + 18 = -y. Suppose h + k = -h. Let x(q) = 2*q**2 + q - 1. What is x(h)?
5
Let v(c) = 4*c + 21. Suppose -8*d + 3070 = 3142. Determine v(d).
-15
Let v(c) = -34*c - 6. Let z = -1576 + 1575. What is v(z)?
28
Let p = 451 - 445. Let g(l) be the second derivative of -l**4/12 + 4*l**3/3 - 3*l**2/2 + 34*l - 1. Give g(p).
9
Let w(g) = 76*g + 19. Let l(c) = -31*c - 8. Let p(h) = 5*l(h) + 2*w(h). Determine p(-11).
31
Let l(i) = i**3 - 5*i**2 - 51*i + 243. Let r be l(7). Let w(h) = -h**3 - 17*h**2 - 15*h + 5. Give w(r).
-11
Let b be ((-2)/15)/((-1)/(-170))*3/2. Let r(a) = -a**3 - 35*a**2 - 33*a + 58. Give r(b).
24
Let p(h) = 456*h**2 + 33 + 447*h**2 + 3*h - 1352*h**2 + 447*h**2. Calculate p(9).
-102
Let w(y) = -2*y**3 - 42*y**2 - 9*y - 7. Let c(o) = -3*o**3 - 63*o**2 - 15*o - 12. Let d(n) = 11*c(n) - 16*w(n). Give d(-20).
0
Suppose 0 = -24*s - 28*s + 52. Let t(m) = -127*m**2 - 130*m**2 - 8*m - 136*m**2 - 126*m**2 + 520*m**2 - s. What is t(8)?
-1
Let g(r) = -58*r - 53*r + 226*r - 59*r - 5 - 52*r. Let q be (2/(-3))/((-12)/90). Calculate g(q).
15
Suppose 0 = 5*q - o - 15, 2*o - 5 = 3*o. Let g(k) = -3*k - 7 - 9*k + 5*k + k**q + k. Let y = -10 - -17. Calculate g(y).
0
Let g(b) = 3*b + 1 + 3*b**2 - 3*b**3 + 2*b**3 + 2*b. Let d be g(4). Let f(q) = -d + 6 - 1 + 2*q. What is f(2)?
4
Let t(f) = f + 2. Let d be (72/(-84))/(6/(-28)). Suppose 5*i = -d*q - 229, 2*i + 0*q + 2*q + 92 = 0. Let m be (-10)/3 + 30/i. Calculate t(m).
-2
Suppose 0 = -u - j - 2*j + 1, 5*u + 3*j = 5. Let h(y) = -12*y**2 - 10*y**2 - y + 1 + 20*y**2. What is h(u)?
-2
Let o(z) = -z - 4. Suppose 6*n - 27 = 3*n. Suppose 16*m - 17*m = -n. Calculate o(m).
-13
Let m(i) = i**2 + 12*i + 7. Suppose 29 - 77 = 6*q. Let u(n) = 47*n + 367. Let a be u(q). Calculate m(a).
-20
Let p(m) = m + 12. Suppose 0 = -3*v - 27 - 4 - 20. What is p(v)?
-5
Suppose -140*i - 3403 = -2283. Let l(c) = -69*c - 549. Determine l(i).
3
Let i(a) be the third derivative of -a**4/24 - a**3/3 + 2*a**2. Let v(o) = 53*o + 4401. Let m be v(-83). Give i(m).
-4
Let y = 84 - 78. Let s(j) = -13 + 15 - 3 + y*j. Let w = 15 - 12. Determine s(w).
17
Let y = -32 - -40. Suppose -4*x = -4*n + y, 3*n - 6*x = -x + 6. Suppose -4*s + 8 = 3*d - n*s, 4*d = 2*s - 8. Let m(z) = z**2 + 4. Determine m(d).
4
Let u be 98/10 - 80/100. Let z(s) = -39*s + u*s + 15*s + 16*s. Calculate z(8).
8
Let n(g) be the third derivative of g**4/12 + 13*g**3/2 + 503*g**2. Give n(-15).
9
Let g(i) be the second derivative of 5*i**5/2 + i**4/4 + i**3/2 + i**2/2 - 2*i + 119. Determine g(-1).
-49
Let t(f) = f**2 - 2*f + 3. Let i = 252 - 486. Let l = 231 + i. Determine t(l).
18
Let p(g) be the third derivative of -g**5/60 + g**4/12 - g**3/6 - g**2. Suppose -5*o = 5*c - 55, -466*o - 5*c = -474*o - 16. Calculate p(o).
-4
Let o(i) = 18*i**2 + i. Let y be (-5 - (0 + -3)) + -76 - -2. Let u = 78 + y. Suppose -8*q = -10*q + u. Determine o(q).
19
Suppose 3*t = -4*l - 6 + 35, -4*l = -5*t + 27. Let y(r) = -4*r + 1. Calculate y(t).
-27
Let f(a) = a**2 + 8*a + 1. Suppose -18 = 2*k - 0. Determine f(k).
10
Let p(f) = -2*f**3 - 18*f**2 - f - 2. Let y = 12704 - 12713. Determine p(y).
7
Let i(x) be the second derivative of x**3/3 - 13*x**2/2 + x - 3289. What is i(5)?
-3
Let o(y) = 2*y**3 - 6*y**2 - y. Let r(z) = -z**3 + 23*z**2 + 23*z - 14. Let w(a) = -o(a) - r(a). What is w(-15)?
-106
Let c(a) = -a + 16. Let s = -16 - -4. Let b be (-8 - 92/s)*-11*3. Determine c(b).
5
Let b(k) be the third derivative of 2*k**4/3 + 27*k**3/2 - 2*k**2 + 429*k. Give b(-5).
1
Let o(u) = 17*u + 1763*u**2 + 1753*u**2 + 29 - 3515*u**2. Give o(-6).
-37
Let o(a) = a**3 - 6*a**2 + 6*a + 3. Let s(f) = 1. Let r(k) = -26*k - 290. Let l(m) = -r(m) + s(m). Let x be l(-11). Calculate o(x).
8
Let z be (-21)/(-3) - ((-32)/(-464) + (-1330)/(-58)). Let p(g) = g**2 + 12*g - 57. What is p(z)?
7
Let p(m) be the second derivative of -m**3/6 - m**2/2 - 12*m + 43. What is p(9)?
-10
Let c(i) = 2404 + i**3 + 8*i - 1193 + i**2 - 1205. What is c(-3)?
-36
Let z be 159/23 + 2/23. Let q(m) = -23*m + 27. Let u(k) = 33*k - 40. Let j(d) = z*q(d) + 5*u(d). Give j(8).
21
Suppose -20 = 11*i + 24. Let d(m) = -4*m**3 - 5*m**2 + 5*m + 4. Let r(x) = 5*x**3 + 5*x**2 - 6*x - 5. Let j(g) = i*d(g) - 3*r(g). What is j(-5)?
9
Suppose 300 = -93*r + 2*r + 16*r. Let n(w) = -w - 13. What is n(r)?
-9
Suppose 2*q - 8 = 2*n, 7 +